it of 47810?
0
What is the tens digit of 13646?
4
What is the units digit of 1367?
7
What is the tens digit of 1852?
5
What is the tens digit of 1090?
9
What is the hundred thousands digit of 137360?
1
What is the tens digit of 3732?
3
What is the units digit of 38?
8
What is the tens digit of 648?
4
What is the tens digit of 1915?
1
What is the tens digit of 22294?
9
What is the thousands digit of 1267?
1
What is the hundreds digit of 6011?
0
What is the units digit of 6498?
8
What is the thousands digit of 73467?
3
What is the thousands digit of 28944?
8
What is the tens digit of 166008?
0
What is the hundreds digit of 2325?
3
What is the units digit of 2059?
9
What is the thousands digit of 1303?
1
What is the tens digit of 1108?
0
What is the ten thousands digit of 26666?
2
What is the hundreds digit of 499?
4
What is the units digit of 13678?
8
What is the ten thousands digit of 11217?
1
What is the hundreds digit of 29185?
1
What is the tens digit of 1870?
7
What is the units digit of 81?
1
What is the hundreds digit of 448?
4
What is the thousands digit of 2013?
2
What is the hundreds digit of 236?
2
What is the hundreds digit of 4773?
7
What is the tens digit of 483?
8
What is the hundreds digit of 3719?
7
What is the units digit of 6758?
8
What is the tens digit of 33156?
5
What is the tens digit of 1480?
8
What is the hundreds digit of 281?
2
What is the tens digit of 1533?
3
What is the tens digit of 83185?
8
What is the units digit of 9703?
3
What is the units digit of 816?
6
What is the ten thousands digit of 13480?
1
What is the hundreds digit of 11864?
8
What is the thousands digit of 66139?
6
What is the tens digit of 6367?
6
What is the thousands digit of 7761?
7
What is the ten thousands digit of 10540?
1
What is the thousands digit of 3503?
3
What is the thousands digit of 45554?
5
What is the ten thousands digit of 100606?
0
What is the tens digit of 9207?
0
What is the hundreds digit of 527?
5
What is the hundreds digit of 157779?
7
What is the units digit of 1244?
4
What is the thousands digit of 2869?
2
What is the tens digit of 135519?
1
What is the tens digit of 22959?
5
What is the units digit of 7528?
8
What is the tens digit of 1761?
6
What is the units digit of 8479?
9
What is the units digit of 77871?
1
What is the ten thousands digit of 10772?
1
What is the ten thousands digit of 73870?
7
What is the tens digit of 382?
8
What is the units digit of 28?
8
What is the tens digit of 1509?
0
What is the units digit of 1445?
5
What is the hundreds digit of 1904?
9
What is the units digit of 27200?
0
What is the tens digit of 1712?
1
What is the ten thousands digit of 39116?
3
What is the thousands digit of 10050?
0
What is the units digit of 1954?
4
What is the units digit of 760?
0
What is the tens digit of 4785?
8
What is the tens digit of 13?
1
What is the tens digit of 12310?
1
What is the tens digit of 9527?
2
What is the ten thousands digit of 10668?
1
What is the hundreds digit of 5831?
8
What is the hundreds digit of 36064?
0
What is the units digit of 19545?
5
What is the tens digit of 34?
3
What is the hundreds digit of 4377?
3
What is the units digit of 2422?
2
What is the units digit of 1529?
9
What is the hundreds digit of 3391?
3
What is the ten thousands digit of 19088?
1
What is the thousands digit of 7342?
7
What is the tens digit of 7376?
7
What is the thousands digit of 2995?
2
What is the tens digit of 374?
7
What is the tens digit of 8160?
6
What is the hundreds digit of 221?
2
What is the tens digit of 63230?
3
What is the units digit of 632?
2
What is the units digit of 2369?
9
What is the units digit of 841?
1
What is the tens digit of 512?
1
What is the hundreds digit of 11554?
5
What is the hundreds digit of 35365?
3
What is the thousands digit of 60118?
0
What is the hundred thousands digit of 154454?
1
What is the ten thousands digit of 59647?
5
What is the thousands digit of 59542?
9
What is the thousands digit of 57983?
7
What is the tens digit of 1857?
5
What is the units digit of 1052?
2
What is the hundreds digit of 4974?
9
What is the hundreds digit of 780?
7
What is the hundreds digit of 1042?
0
What is the thousands digit of 1032?
1
What is the hundreds digit of 1978?
9
What is the hundreds digit of 11326?
3
What is the units digit of 11746?
6
What is the hundreds digit of 1466?
4
What is the tens digit of 1762?
6
What is the tens digit of 6684?
8
What is the units digit of 5146?
6
What is the units digit of 1236?
6
What is the hundreds digit of 1454?
4
What is the tens digit of 4500?
0
What is the thousands digit of 2051?
2
What is the units digit of 1956?
6
What is the tens digit of 36685?
8
What is the tens digit of 1321?
2
What is the ten thousands digit of 25547?
2
What is the thousands digit of 4832?
4
What is the thousands digit of 1847?
1
What is the tens digit of 198?
9
What is the thousands digit of 19834?
9
What is the thousands digit of 28580?
8
What is the thousands digit of 4169?
4
What is the thousands digit of 64331?
4
What is the thousands digit of 25713?
5
What is the tens digit of 79732?
3
What is the hundreds digit of 30588?
5
What is the tens digit of 24918?
1
What is the hundreds digit of 43261?
2
What is the tens digit of 907?
0
What is the thousands digit of 6177?
6
What is the thousands digit of 2185?
2
What is the units digit of 9723?
3
What is the tens digit of 2352?
5
What is the thousands digit of 4177?
4
What is the units digit of 341?
1
What is the tens digit of 971?
7
What is the thousands digit of 124044?
4
What is the ten thousands digit of 15668?
1
What is the thousands digit of 23257?
3
What is the units digit of 273?
3
What is the tens digit of 459?
5
What is the ten thousands digit of 10935?
1
What is the ten thousands digit of 30528?
3
What is the thousands digit of 14983?
4
What is the units digit of 300?
0
What is the units digit of 942?
2
What is the hundreds digit of 5588?
5
What is the hundreds digit of 1470?
4
What is the hundreds digit of 37181?
1
What is the units digit of 36678?
8
What is the hundreds digit of 6129?
1
What is the tens digit of 1148?
4
What is the units digit of 9546?
6
What is the hundreds digit of 37023?
0
What is the units digit of 1077?
7
What is the tens digit of 3143?
4
What is the hundred thousands digit of 152960?
1
What is the units digit of 8926?
6
What is the hundreds digit of 15013?
0
What is the ten thousands digit of 29049?
2
What is the thousands digit of 13712?
3
What is the tens digit of 5350?
5
What is the tens digit of 3147?
4
What is the units digit of 584?
4
What is the hundreds digit of 41654?
6
What is the tens digit of 54719?
1
What is the hundreds digit of 4683?
6
What is the tens digit of 1389?
8
What is the hundreds digit of 645?
6
What is the units digit of 66984?
4
What is the units digit of 8199?
9
What is the tens digit of 588?
8
What is the hundreds digit of 1183?
1
What is the hundreds digit of 9478?
4
What is the units digit of 2552?
2
What is the tens digit of 37892?
9
What is the hundreds digit of 37142?
1
What is the tens digit of 12440?
4
What is the units digit of 758?
8
What is the tens digit of 15330?
3
What is the hundreds digit of 1625?
6
What is the hundreds digit of 1421?
4
What is the thousands digit of 41319?
1
What is the units digit of 61444?
4
What is the tens digit of 812?
1
What is the tens digit of 1417?
1
What is the hundreds digit of 788?
7
What is the hundreds digit of 982?
9
What is the tens digit of 120?
2
What is the ten thousands digit of 60386?
6
What is the hundreds digit of 660?
6
What is the hundreds digit of 667?
6
What is the tens digit of 297?
9
What is the hundreds digit of 22307?
3
What is the ten thousands digit of 22096?
2
What is the tens digit of 1304?
0
What is the units digit of 7170?
0
What is the thousands digit of 76345?
6
What is the ten thousands digit of 73330?
7
What is the thousands digit of 25461?
5
What is the ten thousands digit of 49665?
4
What is the ten thousands digit of 35220?
3
What is the units digit of 1424?
4
What is the hundreds digit of 8777?
7
What is the tens digit of 363?
6
What is the hundred thousands digit of 118931?
1
What is the thousands digit of 46278?
6
What is the tens digit of 9550?
5
What is the units digit